i - 28. What is the units digit of l?
6
Suppose 7*r = 2*g + 3*r + 8, -4*g - 10 = -2*r. Let u = 4 + g. What is the units digit of -2*u/8*-8?
4
Let p(u) = u**2 - 16*u + 1. What is the units digit of p(16)?
1
Let c(n) = 2*n**3 + 1. Suppose -t = -j - 3, -j - 8 = -5*j - t. Let o be c(j). Suppose -2*i + h = -27, -o*i - 58 = -6*i - 2*h. What is the units digit of i?
6
Let x = -31 - -53. Let o be (-4 + 6)*x/4. Let d = -7 + o. What is the units digit of d?
4
Suppose 7 = 3*l + 1. Let w(i) = -3*i - 9. Let k be w(-6). What is the units digit of 29/k - l/9?
3
Suppose -5*x - 17 = -122. What is the units digit of x?
1
Suppose 6*b - 16 = 2*b. What is the units digit of -3 + b/((-12)/(-39))?
0
Suppose 4*a - 3*v - 11 = 0, -5*a + 5*v + 15 = -0*a. Suppose -a*q + 45 = q. What is the tens digit of q?
1
Let m(l) = -5 + 4 - 6*l + 3*l. What is the units digit of m(-2)?
5
Let w(t) = t**3 - 9*t**2 + 2*t - 12. Let u = 11 - 0. Suppose 0 = 2*b - l - 14, -4*l = -u - 5. What is the units digit of w(b)?
6
Let m be (58/4)/(2/4). Let b = -21 + m. What is the units digit of b?
8
Let v(k) = -15*k**3 - k**2 - k. Let y be v(-1). Let i be (8/5)/(3/y). Let j = i - 4. What is the units digit of j?
4
Suppose 12 = -3*k, -a - 1 - 1 = -2*k. Let c = a - -18. What is the units digit of c?
8
Let z(q) be the first derivative of -q**2/2 + 1. Suppose 2*w - 4*l = -2*w - 28, -2*w + 4*l = 18. What is the units digit of z(w)?
5
Let p(t) = 20*t - 8. What is the tens digit of p(10)?
9
Let m(u) = u**3 + 7*u**2 - u + 10. Let a = -19 + 12. What is the tens digit of m(a)?
1
What is the units digit of (-11 - -1)/(2/(-4))?
0
Let v(a) = -2*a - 9. Let p(n) = -5*n - 17. Let i(t) = 6*p(t) - 11*v(t). What is the units digit of i(-2)?
3
Let k be ((-2)/6)/(3/(-18)). Let j be k/(-7) - 121/(-7). Suppose -j = -4*q + 15. What is the units digit of q?
8
Let a = 3 - 7. Let x = a + 7. What is the units digit of x?
3
Suppose 2*i + i - 30 = -3*j, 0 = 3*i - j - 34. Let l(m) = m**3 - 3 - 19*m**2 + 27*m**2 + 0*m**3 - i*m. What is the units digit of l(-9)?
5
Let m = 43 - 20. Let t = m + -13. What is the units digit of t?
0
Suppose 2*g + 2*g = l + 37, -3*g - 4*l = -4. Suppose i = 12 + g. What is the units digit of 6/10 + 8/i?
1
Let v = -41 - -249. What is the hundreds digit of v?
2
Let i(a) = a**3 + 3*a**2 - 3*a + 2. What is the tens digit of i(-3)?
1
Let m(d) = -2 + d + 3 - d**3 + 4 + 4*d**2. What is the units digit of m(4)?
9
Suppose -4 = -4*z - 3*a, 5*a = -z + 3*a + 1. Let o(w) be the second derivative of 3*w**5/5 + w**4/12 - w**2/2 - w. What is the units digit of o(z)?
2
Let w = -159 + 255. What is the tens digit of w?
9
Suppose 5*v - 570 = 3*q - 0*q, -v - 2*q = -114. What is the units digit of v?
4
Suppose -3*b + 15 = 2*b. Suppose o - b + 0 = 0. Suppose 0 = 4*a - 2*z - 30, o*z = -2*a + 7*a - 36. What is the units digit of a?
9
Let t be (-14)/70 + (-16)/(-5). Suppose -73 - 44 = -t*d. What is the units digit of d?
9
Let n be (11/(-4))/((-1)/28). Let b = n + -40. Suppose 14 = 3*p - b. What is the tens digit of p?
1
Suppose 91 - 3 = 4*l. What is the units digit of l?
2
Suppose -4*d + 2*c = -6*d + 10, -2*d + c - 5 = 0. Let j(o) = o**3 - o. Let m(v) = 5*v**3 - 5*v - 5. Let r(a) = 6*j(a) - m(a). What is the units digit of r(d)?
5
Let d = -26 - -43. What is the units digit of d?
7
Let t(h) = -9*h - 35. What is the units digit of t(-15)?
0
Suppose -w - 15 = 2*j, -3*w = -6*w + 2*j - 13. Let y = 8 + w. What is the units digit of y?
1
Suppose -5*b = -d - 33, -d + b + 3*b = 30. Let p = d + 27. What is the units digit of p?
9
Suppose 3*v - 5*v + 6 = 0. Suppose -12 = -4*a - f, -3*a + v*f - 4 = 2. What is the units digit of a?
2
Let h = -414 + 726. What is the units digit of h?
2
Suppose 5*w = g + 36, 0 = -4*g + w + 3*w - 112. Let x = g + 42. What is the tens digit of x?
1
Let a be (-50)/4*(-12)/15. Let q = 1 + 0. Suppose -2*t - g + a = 0, -g = 3*t - 3*g - q. What is the units digit of t?
3
Let u be (-18 + 3)*(-1)/(-3). Let x(g) = -g**3 - 5*g**2 - 5*g - 4. What is the units digit of x(u)?
1
Suppose -17 = -5*x - 4*o, 5*o = 5*x - 5 + 15. Let d be (-6)/(-15) - 66/(-10). Let r = d - x. What is the units digit of r?
6
Let o(t) = -7*t - 53. What is the hundreds digit of o(-24)?
1
Let z = -94 - -190. Suppose 5*r - 3 = -3*c + z, 2*c - 3*r = 66. What is the tens digit of c?
3
Suppose -28 = -4*i + 4*a, -5*i + a + 5 + 14 = 0. Suppose -3*q + 9 = 3*l + i, -2*q + l = -19. What is the units digit of q?
7
Let f(p) = 2*p - 2. Let t be f(-2). What is the tens digit of ((-15)/2)/(t/8)?
1
Suppose -22 - 9 = -b. Suppose 3*n = b + 5. What is the units digit of n?
2
What is the hundreds digit of ((1*-3)/(-6))/((-4)/(-800))?
1
Suppose z + 15 = 45. What is the units digit of z?
0
Suppose -5*x + 86 = -74. Suppose s = -3*s + x. What is the units digit of s?
8
Suppose 73 = 4*d - 103. Let r = -18 + d. What is the tens digit of r?
2
Suppose 0 = -m + 1 + 7. Suppose 3*a = 5*q + 2, m = 5*q - q. What is the units digit of a?
4
What is the tens digit of -33*(-1 - 0/(-5))?
3
Let v be 8/(-6) - (-4)/(-6). Let l be v/(-1*2) - -5. Suppose -5*p = -16 + l. What is the units digit of p?
2
Let t(w) be the first derivative of w**4/4 + 10*w**3/3 + 7*w**2/2 - 10*w + 2. What is the units digit of t(-9)?
8
Suppose -5*y + 3*k + 14 = 0, 2*y - 12 = 3*k - 5*k. Suppose 9*r - y*r = 10. What is the units digit of r?
2
Let s(u) = -u**3 + 8*u**2 - 7*u - 3. Let w be s(7). What is the units digit of (-2)/(1*w/18)?
2
Let l(k) = -k**3 - 2*k**2 - 3*k - 1. Let g be l(-2). Suppose 0*p = -g*p + 220. Suppose 4*f - p = 20. What is the tens digit of f?
1
Let b = 37 + -22. Suppose -2*y + b = y. Suppose -3*v + y*k = -37, 4*v + 4*k - 2*k = 32. What is the units digit of v?
9
Let b be (15/(-10))/((-3)/4). Suppose -g - b*g = -36. What is the tens digit of g?
1
Let t be 3/(-12) + 3/12. What is the units digit of 1 - (0/(-2) - t)?
1
Let w = -5 + 4. What is the tens digit of w - (9*-1 + -2)?
1
Let o = -107 + 178. Suppose -256 = -5*s - o. What is the units digit of s?
7
Let c = -17 - 9. What is the units digit of c/39*3/(-2)?
1
Let x be (-2)/17 - (-49)/(-17). Let o(v) = v**2 + v**2 + 2*v**2 + v**3. What is the units digit of o(x)?
9
Suppose -2*f + 20 = -3*b, -2*b - 2 - 14 = -2*f. What is the units digit of f?
4
Let o(d) = 2*d**2 - 4*d + 2. Let f be o(2). Suppose -4 = f*g - 14. What is the units digit of g?
5
Let m(a) = a + 11. Let y be m(-8). Suppose -s = q - 8, -2 = 2*s - q - y*q. Suppose -s*d = -d - 64. What is the tens digit of d?
1
Let l = -193 + 304. What is the hundreds digit of l?
1
Suppose -3 + 12 = 3*d. Suppose 2*p - 1 = d, -a - 2*p = 18. Let u = a + 31. What is the units digit of u?
9
What is the units digit of (3 + -3)/(-4) - -6?
6
Suppose -5*f + 1 + 9 = 0. Suppose -f*v + 33 + 17 = 0. What is the units digit of v?
5
Let w(m) = m**3 + 3*m**2 - 12*m + 3. What is the hundreds digit of w(5)?
1
Let f(w) = -w**2 + 2*w + 3. Let v be f(3). Let d be (v/2)/(6 + -4). Let m = d - -6. What is the units digit of m?
6
What is the hundreds digit of ((-466)/(-2))/((0 - -2) + -1)?
2
Let y = 116 + -49. What is the tens digit of y?
6
Let l = 4 - 1. Suppose -3*w = 4*z - 20, -2*w - l*w = -z - 64. What is the units digit of w?
2
What is the hundreds digit of 5068/44 - 10/55?
1
Let p be (12/15)/(2/5). Suppose -6*b + b = -4*x - 56, -4*x = p*b - 28. What is the units digit of b?
2
Let u be (-2)/(-5) - 13/(-5). Suppose u*z - 3*r - 12 - 18 = 0, -54 = -5*z + 4*r. What is the tens digit of z?
1
Let t = 5 + -7. Let n be (2 - -4)/(-1 - t). What is the tens digit of (3/n)/((-1)/(-28))?
1
Let c = -7 + 14. What is the units digit of 96/c + (-2)/(-7)?
4
Suppose 0 = -2*x + 3*x - 5. Suppose -x = -12*o + 11*o. What is the units digit of o?
5
Let t(u) = -2*u**3 + u**2. Let v be t(2). Let y be ((-10)/(-4))/((-2)/v). Suppose y = 5*o - 5*w, -4*o + 3 = -w - 12. What is the units digit of o?
4
Suppose -h - 2*l + 23 = l, 4*h - 105 = l. Let o be (-5)/(-1 - (-24)/h). Suppose -7*i + o = -2*i. What is the tens digit of i?
1
Let z = 19 - 12. Suppose a + z = -1. Let h(c) = -c**3 - 7*c**2 + 7*c - 7. What is the units digit of h(a)?
1
Let w = 3 - -13. Suppose 2*q - 5*q + 3 = 4*k, -k = -3*q + 18. Suppose 3*j = q*j - w. What is the units digit of j?
8
Let k(n) = -18*n. Let o be k(2). Let l = -20 - o. What is the units digit of l?
6
Let m(x) = x**2 - x - 